{"id":159,"date":"2009-06-18T09:17:20","date_gmt":"2009-06-18T07:17:20","guid":{"rendered":"http:\/\/egophobia.ro\/revista\/?page_id=159"},"modified":"2020-09-16T08:38:11","modified_gmt":"2020-09-16T06:38:11","slug":"pentru-autori","status":"publish","type":"page","link":"https:\/\/egophobia.ro\/?page_id=159","title":{"rendered":"pentru autori"},"content":{"rendered":"<p align=\"justify\">i n f o r m a \u0163 i i\u00a0\u00a0\u00a0\u00a0\u00a0 p e n t r u\u00a0\u00a0\u00a0\u00a0\u00a0 a u t o r i i\u00a0\u00a0\u00a0\u00a0\u00a0 c a r e\u00a0\u00a0\u00a0\u00a0\u00a0 d o r e s c\u00a0\u00a0\u00a0\u00a0\u00a0 s \u0103\u00a0\u00a0\u00a0\u00a0\u00a0 p u b l i c e\u00a0\u00a0\u00a0\u00a0\u00a0 \u00ee n<\/p>\n<p align=\"center\"><strong>E g o P H o b i a<\/strong><\/p>\n<p align=\"justify\">* e-revista EgoPHobia [\u03b5\u03b3\u03c9\u03c6\u03bf\u03b2\u03b9\u03b1] public\u0103 texte originale, \u00een special literatur\u0103 \u015fi filozofie, dar \u015fi cronici de film sau disc, desene \u015fi fotografii, \u015fi nu refuz\u0103m nici contribu\u0163ii valoroase din alte domenii apropiate, cum ar fi articole de istorie sau futurologie, dar nu numai, \u00een special \u00een limbile rom\u00e2n\u0103 \u015fi englez\u0103<\/p>\n<p>* neav\u00e2nd vreun venit de pe urma revistei, nu putem pl\u0103ti colabor\u0103rile, de\u015fi am dori s-o facem<\/p>\n<p>* propunerile de texte \u00een vederea public\u0103rii se fac prin e-mail la adresa redac\u0163iei\u00a0<b><a href=\"mailto:egophobia@gmx.net\" target=\"_blank\" rel=\"noopener noreferrer\">egophobia@gmx.net<\/a><\/b>; v\u0103 rug\u0103m s\u0103 ne trimite\u0163i textele \u00een format .rtf cu toate diacriticele incluse<\/p>\n<p>* v\u0103 rug\u0103m s\u0103 nu ne trimite\u0163i mai mult de cinci poezii concomitent, oricum maximum trei apar\u0163in\u00e2nd aceluia\u015fi autor vor intra \u00eentr-un num\u0103r<\/p>\n<p>* la celelalte categorii nu propunem nici o limit\u0103 de num\u0103r sau lungime<\/p>\n<p>* v\u0103 rug\u0103m s\u0103 ne trimite\u0163i textele f\u0103r\u0103 note de subsol.. eventualele note necesare pot fi enumerate la finalul textului, al\u0103turi de bibliografie, unde e cazul<\/p>\n<p>* primim traduceri doar din autori contemporani care \u015fi-au dat acordul s\u0103 fie tradu\u015fi \u00een rom\u00e2n\u0103<\/p>\n<p>* textele propuse spre publicare vor fi analizate independent de trei redactori ai revistei, iar \u00een cazul apari\u0163iei unor divergen\u0163e \u00eentre verdictele lor \u00een privin\u0163a public\u0103rii textului decizia final\u0103 va apar\u0163ine editorului sau redactorului-\u015fef<\/p>\n<p>* decizia redac\u0163iei privind publicarea materialelor trimise va fi comunicat\u0103 autorului prin e-mail \u00een cel mai scurt timp posibil<\/p>\n<p>* eventualele gre\u015feli de ortografie\/tehnoredactare din textele aprobate spre publicare vor fi corectate \u00een comun cu autorii<\/p>\n<p>* autorii sunt ruga\u0163i s\u0103 ata\u015feze \u015fi un curriculum vitae sau m\u0103car ni\u015fte date personale (nume [obligatoriu!], v\u00e2rst\u0103, localitate, \u0163ar\u0103, studii, publicatii, website, &#8230;) textelor propuse; \u00een cazul public\u0103rii materialelor propuse autorii pot opta pentru semnarea lor cu pseudonim sau pentru publicarea unor informa\u0163ii personale al\u0103turi de texte (date de contact, &#8230;)<\/p>\n<p>* e-revista EgoPHobia [\u03b5\u03b3\u03c9\u03c6\u03bf\u03b2\u03b9\u03b1] apare doar pe site-ul <a href=\"http:\/\/www.egophobia.ro\">www.egophobia.ro<\/a>; nu exist\u0103 un termen limit\u0103 pentru trimiterea textelor pentru num\u0103rul urm\u0103tor<\/p>\n<p>* cei care doresc s\u0103 devin\u0103 colaboratori permanen\u0163i sau redactori sunt invita\u0163i s\u0103 ne anun\u0163e prin e-mail la adresa redac\u0163iei <a href=\"mailto:egophobia@gmx.net\" target=\"_blank\" rel=\"noopener noreferrer\">egophobia@gmx.net<\/a><\/p>\n<p>* \u00eentre planurile redac\u0163iei se afl\u0103 \u015fi realizarea unei variante neoficiale a e-revistei EgoPHobia [\u03b5\u03b3\u03c9\u03c6\u03bf\u03b2\u03b9\u03b1] \u00eentr-un format digital adecvat tip\u0103ririi individuale, singura versiune oficial\u0103 fiind cea disponibil\u0103 doar online pe site-ul <a href=\"http:\/\/www.egophobia.ro\" target=\"_self\" rel=\"noopener noreferrer\">www.egophobia.ro<\/a><\/p>\n","protected":false},"excerpt":{"rendered":"<p>i n f o r m a \u0163 i i\u00a0\u00a0\u00a0\u00a0\u00a0 p e n t r u\u00a0\u00a0\u00a0\u00a0\u00a0 a u t o r i i\u00a0\u00a0\u00a0\u00a0\u00a0 c a r e\u00a0\u00a0\u00a0\u00a0\u00a0 d o r e s c\u00a0\u00a0\u00a0\u00a0\u00a0 s \u0103\u00a0\u00a0\u00a0\u00a0\u00a0 p u b l i c e\u00a0\u00a0\u00a0\u00a0\u00a0 \u00ee n E g o P H o b i a * e-revista [&hellip;]<\/p>\n","protected":false},"author":1,"featured_media":0,"parent":0,"menu_order":0,"comment_status":"open","ping_status":"open","template":"","meta":{"jetpack_post_was_ever_published":false,"footnotes":""},"class_list":["post-159","page","type-page","status-publish","hentry"],"jetpack_sharing_enabled":true,"jetpack_shortlink":"https:\/\/wp.me\/P6DakB-2z","_links":{"self":[{"href":"https:\/\/egophobia.ro\/index.php?rest_route=\/wp\/v2\/pages\/159","targetHints":{"allow":["GET"]}}],"collection":[{"href":"https:\/\/egophobia.ro\/index.php?rest_route=\/wp\/v2\/pages"}],"about":[{"href":"https:\/\/egophobia.ro\/index.php?rest_route=\/wp\/v2\/types\/page"}],"author":[{"embeddable":true,"href":"https:\/\/egophobia.ro\/index.php?rest_route=\/wp\/v2\/users\/1"}],"replies":[{"embeddable":true,"href":"https:\/\/egophobia.ro\/index.php?rest_route=%2Fwp%2Fv2%2Fcomments&post=159"}],"version-history":[{"count":11,"href":"https:\/\/egophobia.ro\/index.php?rest_route=\/wp\/v2\/pages\/159\/revisions"}],"predecessor-version":[{"id":13181,"href":"https:\/\/egophobia.ro\/index.php?rest_route=\/wp\/v2\/pages\/159\/revisions\/13181"}],"wp:attachment":[{"href":"https:\/\/egophobia.ro\/index.php?rest_route=%2Fwp%2Fv2%2Fmedia&parent=159"}],"curies":[{"name":"wp","href":"https:\/\/api.w.org\/{rel}","templated":true}]}}