{"id":519,"date":"2009-06-18T09:56:48","date_gmt":"2009-06-18T07:56:48","guid":{"rendered":"http:\/\/egophobia.ro\/revista\/?page_id=519"},"modified":"2024-08-14T08:38:25","modified_gmt":"2024-08-14T06:38:25","slug":"redacia","status":"publish","type":"page","link":"https:\/\/egophobia.ro\/?page_id=519","title":{"rendered":"redac\u0163ia \/ staff"},"content":{"rendered":"<p align=\"justify\">echipa <strong>EgoPHobia<\/strong>:<\/p>\n<p>* \u015etefan Bolea &#8211; redactor-\u015fef<br \/>\n* Sorin-Mihai Grad &#8211; managing editor &amp; webmaster [&amp; rubrica &#8220;egoZaur&#8221;]<\/p>\n<p>* Petri\u015for Militaru &#8211; redactor<br \/>\n* Oliviu Cr\u00e2znic &#8211; consilier de imagine &amp; colaborator permanent [rubrica &#8220;ghidul cititorului de fantastic&#8221;]<\/p>\n<p>* Ana Bazac &#8211; colaborator permanent<br \/>\n* Mihai Bogdan Lupescu &#8211; colaborator permanent [rubrica &#8220;cuvinte afurisite&#8221;]<br \/>\n* Monica Manolachi &#8211; colaborator permanent [rubrica &#8220;egoRainbow&#8221;]<br \/>\n* Alexandra Medaru &#8211; colaborator permanent [rubrica &#8220;arena cultural\u0103: cartea &amp; filmul&#8221;]<br \/>\n* Radu-Ilarion Munteanu &#8211; colaborator permanent [rubrica &#8220;pricina\u015ful de serviciu&#8221;]<br \/>\n* Ana-Maria Negril\u0103 &#8211; colaborator permanent [rubrica &#8220;o istorie de buzunar&#8221;]<br \/>\n* Marius Iulian Stancu &#8211; colaborator permanent [rubricile &#8220;ca prin oglind\u0103&#8221; &amp; &#8220;#gnostice&#8221;]<br \/>\n* Andreea Sterea \u2013 colaborator permanent [rubrica &#8220;#traiestefantastic&#8221;]<\/p>\n<p>&nbsp;<\/p>\n<p>* Iulia Argint &#8211; colaborator<br \/>\n* Mario Barangea &#8211; colaborator<br \/>\n* Paul Belce &#8211; colaborator [rubrica &#8220;jidovul r\u0103t\u0103citor&#8221;]<br \/>\n* Mihnea Blidariu &#8211; colaborator<br \/>\n* Ion Buzu &#8211; colaborator<br \/>\n* Patrick C\u0103linescu &#8211; colaborator<br \/>\n* Rita Chirian &#8211; colaborator<br \/>\n* Adrian Grauenfels &#8211; colaborator [sec\u021biunea &#8220;imagini&#8221;]<br \/>\n* Andrei-Claudiu Hri\u015fman &#8211; colaborator<br \/>\n* iQ666 &#8211; colaborator<br \/>\n* Claudiu Komartin &#8211; colaborator<br \/>\n* Axel Lenn &#8211; colaborator<br \/>\n* Gorun Manolescu &#8211; colaborator<br \/>\n* David M\u00e2ndru\u021b &#8211; colaborator<br \/>\n* Luiza Mitu &#8211; colaborator<br \/>\n* Dorin Mure\u015fan &#8211; colaborator<br \/>\n* Cristina Nemerovschi &#8211; colaborator<br \/>\n* Oana C\u0103t\u0103lina Ninu &#8211; colaborator<br \/>\n* Mihai Pavel \u2013 colaborator<br \/>\n* Horia P\u0103tra\u015fcu \u2013 colaborator [rubrica &#8220;gr\u0103dina antropologic\u0103&#8221;]<br \/>\n* Cosmin Per\u0163a &#8211; colaborator<br \/>\n* Cristina Petrescu &#8211; traduc\u0103tor [limba portughez\u0103]<br \/>\n* Alina Ro\u015fu &#8211; colaborator<br \/>\n* Alx. Sigart\u0103u &#8211; colaborator<br \/>\n* Daniel Sur &#8211; colaborator<br \/>\n* Mario \u0218erban \u2013 colaborator<br \/>\n* Chris Tanasescu &#8211; colaborator<br \/>\n* Diana Todea &#8211; colaborator<br \/>\n* Igor Ursenco &#8211; colaborator<\/p>\n<p>* Ovidiu Filimon &#8211; fotograf<br \/>\n* Vali (recviem-art.ro) &#8211; webdesigner<br \/>\n* Andrei-Radu B\u00eersan &#8211; responsabil proiect EgoPHobia &#8211; <a href=\"http:\/\/mttlc.ro\" target=\"_blank\" rel=\"noopener noreferrer\">MTTLC<\/a><br \/>\n* Lidia Vianu &#8211; coordonator <a href=\"http:\/\/mttlc.ro\" target=\"_blank\" rel=\"noopener noreferrer\">MTTLC<\/a> [MA for the Translation of the Contemporary Literary Text]<\/p>\n<p align=\"justify\">Revista EgoPHobia este editat\u0103 de c\u0103tre Asocia\u0163ia EGOPHOBIA<\/p>\n<p>Str. Eminescu nr. 13\/3<br \/>\n400033 Cluj-Napoca<br \/>\njud. Cluj<\/p>\n<p>&nbsp;<\/p>\n","protected":false},"excerpt":{"rendered":"<p>echipa EgoPHobia: * \u015etefan Bolea &#8211; redactor-\u015fef * Sorin-Mihai Grad &#8211; managing editor &amp; webmaster [&amp; rubrica &#8220;egoZaur&#8221;] * Petri\u015for Militaru &#8211; redactor * Oliviu Cr\u00e2znic &#8211; consilier de imagine &amp; colaborator permanent [rubrica &#8220;ghidul cititorului de fantastic&#8221;] * Ana Bazac &#8211; colaborator permanent * Mihai Bogdan Lupescu &#8211; colaborator permanent [rubrica &#8220;cuvinte afurisite&#8221;] * [&hellip;]<\/p>\n","protected":false},"author":1,"featured_media":0,"parent":0,"menu_order":0,"comment_status":"open","ping_status":"open","template":"","meta":{"jetpack_post_was_ever_published":false,"footnotes":""},"class_list":["post-519","page","type-page","status-publish","hentry"],"jetpack_sharing_enabled":true,"jetpack_shortlink":"https:\/\/wp.me\/P6DakB-8n","_links":{"self":[{"href":"https:\/\/egophobia.ro\/index.php?rest_route=\/wp\/v2\/pages\/519","targetHints":{"allow":["GET"]}}],"collection":[{"href":"https:\/\/egophobia.ro\/index.php?rest_route=\/wp\/v2\/pages"}],"about":[{"href":"https:\/\/egophobia.ro\/index.php?rest_route=\/wp\/v2\/types\/page"}],"author":[{"embeddable":true,"href":"https:\/\/egophobia.ro\/index.php?rest_route=\/wp\/v2\/users\/1"}],"replies":[{"embeddable":true,"href":"https:\/\/egophobia.ro\/index.php?rest_route=%2Fwp%2Fv2%2Fcomments&post=519"}],"version-history":[{"count":50,"href":"https:\/\/egophobia.ro\/index.php?rest_route=\/wp\/v2\/pages\/519\/revisions"}],"predecessor-version":[{"id":15367,"href":"https:\/\/egophobia.ro\/index.php?rest_route=\/wp\/v2\/pages\/519\/revisions\/15367"}],"wp:attachment":[{"href":"https:\/\/egophobia.ro\/index.php?rest_route=%2Fwp%2Fv2%2Fmedia&parent=519"}],"curies":[{"name":"wp","href":"https:\/\/api.w.org\/{rel}","templated":true}]}}